base 15) to base 11
-57
What is 1 (base 8) in base 3?
1
Convert -121 (base 4) to base 7.
-34
What is -15 (base 12) in base 3?
-122
What is 3 (base 15) in base 10?
3
What is 29 (base 10) in base 15?
1e
What is 21 (base 6) in base 9?
14
What is -3 (base 11) in base 7?
-3
What is -1 (base 12) in base 5?
-1
-18 (base 11) to base 5
-34
Convert 2 (base 9) to base 3.
2
What is a (base 15) in base 12?
a
Convert 400 (base 5) to base 6.
244
What is -1111111 (base 2) in base 10?
-127
-1 (base 7) to base 4
-1
-5 (base 6) to base 5
-10
Convert -7 (base 9) to base 16.
-7
Convert -411 (base 7) to base 2.
-11001100
-10 (base 6) to base 4
-12
What is 2 (base 10) in base 16?
2
What is 106 (base 9) in base 10?
87
1100010 (base 2) to base 6
242
What is 75 (base 15) in base 4?
1232
-101 (base 3) to base 4
-22
Convert 6 (base 10) to base 16.
6
Convert -16 (base 10) to base 13.
-13
-145 (base 7) to base 5
-312
-11 (base 11) to base 8
-14
What is 3 (base 6) in base 14?
3
7 (base 8) to base 11
7
What is -7 (base 12) in base 2?
-111
Convert 10 (base 12) to base 2.
1100
0 (base 7) to base 10
0
33 (base 11) to base 6
100
Convert 211 (base 6) to base 8.
117
Convert -11110 (base 2) to base 5.
-110
0 (base 9) to base 11
0
Convert -2 (base 4) to base 6.
-2
35 (base 14) to base 5
142
What is -2 (base 5) in base 10?
-2
-c (base 13) to base 11
-11
What is 16 (base 16) in base 9?
24
-d (base 16) to base 2
-1101
Convert -b (base 15) to base 16.
-b
Convert -5c (base 14) to base 3.
-10001
What is -44 (base 6) in base 12?
-24
-2 (base 16) to base 15
-2
What is 1 (base 14) in base 8?
1
-1b (base 13) to base 9
-26
What is -1 (base 3) in base 15?
-1
What is 30 (base 4) in base 14?
c
What is -11 (base 2) in base 16?
-3
Convert -88 (base 11) to base 10.
-96
21 (base 9) to base 6
31
What is -110 (base 4) in base 10?
-20
Convert 25 (base 13) to base 14.
23
Convert -6 (base 10) to base 8.
-6
122 (base 5) to base 13
2b
What is -5 (base 9) in base 2?
-101
-18 (base 10) to base 13
-15
What is 10100 (base 2) in base 9?
22
Convert bb (base 12) to base 15.
98
Convert -3 (base 6) to base 11.
-3
Convert 42 (base 9) to base 5.
123
Convert 5 (base 13) to base 10.
5
a0 (base 13) to base 7
244
What is 71 (base 14) in base 7?
201
Convert 32 (base 6) to base 16.
14
-101 (base 2) to base 7
-5
Convert -76 (base 15) to base 10.
-111
What is 0 (base 15) in base 9?
0
Convert 115 (base 10) to base 9.
137
What is -102 (base 6) in base 12?
-32
-3 (base 11) to base 16
-3
Convert -11001000 (base 2) to base 11.
-172
What is 7 (base 9) in base 11?
7
What is -201 (base 5) in base 13?
-3c
Convert -10101 (base 2) to base 12.
-19
Convert -140 (base 12) to base 10.
-192
What is b9 (base 16) in base 4?
2321
What is -10 (base 6) in base 16?
-6
Convert -3 (base 5) to base 15.
-3
1 (base 12) to base 11
1
Convert 1 (base 3) to base 9.
1
What is -24 (base 6) in base 13?
-13
Convert -58 (base 14) to base 6.
-210
Convert -11 (base 10) to base 14.
-b
1000 (base 2) to base 10
8
-5 (base 13) to base 14
-5
3 (base 4) to base 9
3
Convert -10 (base 4) to base 13.
-4
Convert -2 (base 9) to base 10.
-2
What is 4 (base 14) in base 11?
4
What is -11 (base 3) in base 12?
-4
-18 (base 15) to base 16
-17
Convert -10 (base 6) to base 15.
-6
-6 (base 11) to base 15
-6
What is -3 (base 15) in base 13?
-3
1210 (base 4) to base 14
72
What is -70 (base 8) in base 12?
-48
Convert -3 (base 13) to base 7.
-3
81 (base 15) to base 3
11111
What is 32 (base 15) in base 2?
101111
Convert -100 (base 2) to base 7.
-4
What is -8 (base 15) in base 10?
-8
-1 (base 5) to base 12
-1
Convert 8 (base 9) to base 12.
8
What is -141 (base 5) in base 6?
-114
Convert -4 (base 13) to base 15.
-4
Convert -3 (base 9) to base 12.
-3
Convert -7 (base 9) to base 11.
-7
What is 11101 (base 2) in base 7?
41
Convert 30 (base 15) to base 13.
36
4 (base 13) to base 3
11
-4 (base 8) to base 2
-100
-11 (base 2) to base 9
-3
Convert -3 (base 12) to base 15.
-3
Convert 30 (base 4) to base 10.
12
What is -1 (base 16) in base 3?
-1
12 (base 6) to base 16
8
-1 (base 6) to base 13
-1
24 (base 6) to base 16
10
9 (base 14) to base 7
12
What is -29 (base 14) in base 16?
-25
-10 (base 3) to base 12
-3
-29 (base 16) to base 7
-56
What is 1144 (base 5) in base 4?
2232
Convert -1001001 (base 2) to base 8.
-111
-6 (base 8) to base 15
-6
Convert -34 (base 11) to base 7.
-52
What is 520 (base 6) in base 16?
c0
Convert 0 (base 16) to base 9.
0
-354 (base 8) to base 12
-178
What is 3 (base 15) in base 11?
3
-1001 (base 2) to base 6
-13
Convert -1 (base 13) to base 8.
-1
What is 3 (base 7) in base 10?
3
Convert -11 (base 5) to base 10.
-6
Convert -50 (base 9) to base 3.
-1200
Convert d0 (base 16) to base 15.
dd
What is -16 (base 16) in base 15?
-17
What is -15e (base 15) in base 10?
-314
What is -d (base 15) in base 3?
-111
What is -16 (base 10) in base 6?
-24
What is 11 (base 16) in base 13?
14
1 (base 6) to base 2
1
Convert 5 (base 6) to base 5.
10
What is 92 (base 10) in base 8?
134
What is ba (base 13) in base 9?
180
What is -21 (base 5) in base 11?
-10
Convert 42 (base 12) to base 14.
38
Convert 1110000 (base 2) to base 15.
77
Convert -5 (base 12) to base 9.
-5
Convert 21 (base 7) to base 5.
30
Convert -21 (base 5) to base 11.
-10
Convert 2 (base 8) to base 2.
10
What is 21 (base 16) in base 8?
41
What is 3000 (base 4) in base 9?
233
What is 2 (base 10) in base 2?
10
Convert -6 (base 12) to base 3.
-20
What is -b (base 16) in base 13?
-b
Convert -10 (base 11) to base 14.
-b
Convert 8 (base 13) to base 14.
8
311 (base 4) to base 8
65
What is 0 (base 2) in base 6?
0
Convert 3 (base 14) to base 11.
3
c (base 16) to base 9
13
What is -123 (base 4) in base 16?
-1b
-4 (base 14) to base 15
-4
Convert -10101 (base 2) to base 16.
-15
What is 2 (base 3) in base 14?
2
What is -1 (base 5) in base 10?
-1
-1 (base 14) to base 3
-1
What is -9f (base 16) in base 15?
-a9
-7 (base 11) to base 10
-7
What is 200 (base 3) in base 6?
30
Convert -13 (base 14) to base 10.
-17
-61 (base 11) to base 12
-57
What is 0 (base 12) in base 4?
0
4 (base 14) to base 7
4
What is 3 (base 15) in base 9?
3
-3 (base 11) to base 9
-3
-130 (base 4) to base 14
-20
What is 9 (base 15) in base 13?
9
What is 2 (base 5) in base 11?
2
Convert 3 (base 10) to base 5.
3
What is 13 (base 10) in base 3?
111
What is -93 (base 13) in base 14?
-88
What is -131 (base 4) in base 10?
-29
Convert 2 (base 16) to base 11.
2
Convert 2 (base 5) to base 16.
2
What is 20 (base 3) in base 6?
10
What is 1101100 (base 2) in base 9?
130
Convert -14 (base 5) to base 9.
-10
-10 (base 5) to base 2
-101
Convert 2 (base 6) to base 4.
2
-25 (base 12) to base 6
-45
What is 13 (base 4) in base 3?
21
Convert 53 (base 6) to base 12.
29
What is 1 (base 9) in base 4?
1
-11 (base 6) to base 3
-21
-8 (base 12) to base 5
-13
Convert 21 (base 7) to base 16.
f
Convert 100 (base 3) to base 12.
9
What is -18 (base 16) in base 12?
-20
Convert 320 (base 4) to base 6.
132
Convert 4 (base 13) to base 6.
4
-20 (base 6) to base 9
-13
Convert -a9 (base 14) to base 2.
-10010101
Convert -5 (base 16) to base 3.
-12
21 (base 11) to base 12
1b
c (base 14) to base 7
15
Convert -11 (base 5) to base 7.
-6
What is -5 (base 12) in base 14?
-5
Convert 14 (base 6) to base 8.
12
37 (base 8) to base 10
31
Convert 21 (base 10) to base 4.
111
What is -10 (base 10) in base 8?
-12
Convert -1 (base 7) to base 3.
-1
10010100 (base 2) to base 6
404
What is -8 (base 11) in base 4?
-20
What is 17 (base 16) in base 3?
212
Convert -30 (base 6) to base 11.
-17
What is 1 (base 12) in base 9?
1
-26 (base 9) to base 4
-120
Convert 92 (base 14) to base 6.
332
Convert ac (base 13) to base 2.
10001110
7 (base 12) to base 5
12
What is 13 (base 9) in base 5?
22
What is 3 (base 6) in base 15?
3
What is 12 (base 9) in base 4?
23
102 (base 6) to base 9
42
86 (base 9) to base 14
58
Convert -3 (base 14) to base 15.
-3
What is -30 (base 8) in base 14?
-1a
What is 0 (base 6) in base 4?
0
Convert -300 (base 4) to base 13.
-39
What is -20 (base 4) in base 13?
-8
What is 10 (base 4) in base 8?
4
-25 (base 14) to base 7
-45
What is a (base 12) in base 15?
a
What is 332 (base 4) in base 8?
76
Convert -66 (base 11) to base 6.
-200
-6 (base 13) to base 6
-10
-15 (base 12) to base 14
-13
4 (base 5) to base 15
4
0 (base 3) to base 1